{"id":3867,"date":"2025-02-07T22:14:45","date_gmt":"2025-02-07T20:14:45","guid":{"rendered":"https:\/\/redesignwithjulia.com\/?post_type=product&#038;p=3867"},"modified":"2025-10-06T09:01:15","modified_gmt":"2025-10-06T07:01:15","slug":"transfer-decorativ-maxi-pastels-artistry","status":"publish","type":"product","link":"https:\/\/redesignwithjulia.com\/hu\/termek\/transfer-decorativ-maxi-pastels-artistry\/","title":{"rendered":"Transfer Decorativ Maxi \u2013 Pastels Artistry"},"content":{"rendered":"<p>Noile maxi-transferuri \u201ePastels Artistry\u201d sunt ideale pentru o renovare floral\u0103 complet\u0103. Aceste transferuri mari \u0219i \u00eendr\u0103zne\u021be aduc perfec\u021biunea pastelurilor, preg\u0103tite pentru a fi asociate cu restul liniei Pastel Artistry.<\/p>\n<p>Decora\u021bi o pies\u0103 statement sau sincroniza\u021bi-v\u0103 spa\u021biul cu aceste frumuse\u021bi pentru acel aspect \u00eenfloritor, f\u0103r\u0103 cusur, care leag\u0103 totul \u00eempreun\u0103. Este vorba despre a v\u0103 face decorul s\u0103 str\u0103luceasc\u0103 cu frumuse\u021bea pastelat\u0103 coordonat\u0103!<\/p>\n<p>Transferurile sunt incredibil de u\u0219or de utilizat. Pur \u0219i simplu desprinde\u021bi h\u00e2rtia de suport, a\u0219eza\u021bi transferul pe suprafa\u021ba dorit\u0103 \u0219i freca\u021bi-o cu instrumentul inclus pentru a transfera desenul. Transferul poate fi t\u0103iat \u0219i rearanjat pentru a se potrivi nevoilor dvs. specifice, ceea ce \u00eel face o alegere versatil\u0103 \u0219i personalizabil\u0103 pentru toate proiectele dvs. de decor.<\/p>\n<p>Sigila\u021bi cu lacul dvs. preferat pe baz\u0103 de ap\u0103 sau cu cear\u0103 transparent\u0103.<\/p>","protected":false},"excerpt":{"rendered":"<p>Noile maxi-transferuri \u201ePastels Artistry\u201d sunt ideale pentru o renovare floral\u0103 complet\u0103. Aceste transferuri mari \u0219i \u00eendr\u0103zne\u021be aduc perfec\u021biunea pastelurilor, preg\u0103tite pentru a fi asociate cu restul liniei Pastel Artistry. Decora\u021bi o pies\u0103 statement sau sincroniza\u021bi-v\u0103 spa\u021biul cu aceste frumuse\u021bi pentru acel aspect \u00eenfloritor, f\u0103r\u0103 cusur, care leag\u0103 totul \u00eempreun\u0103. Este vorba despre a v\u0103 face [&hellip;]<\/p>","protected":false},"featured_media":3868,"comment_status":"open","ping_status":"closed","template":"","meta":{"_et_pb_use_builder":"","_et_pb_old_content":"","_et_gb_content_width":""},"product_cat":[79,69],"product_tag":[],"_links":{"self":[{"href":"https:\/\/redesignwithjulia.com\/hu\/wp-json\/wp\/v2\/product\/3867"}],"collection":[{"href":"https:\/\/redesignwithjulia.com\/hu\/wp-json\/wp\/v2\/product"}],"about":[{"href":"https:\/\/redesignwithjulia.com\/hu\/wp-json\/wp\/v2\/types\/product"}],"replies":[{"embeddable":true,"href":"https:\/\/redesignwithjulia.com\/hu\/wp-json\/wp\/v2\/comments?post=3867"}],"wp:featuredmedia":[{"embeddable":true,"href":"https:\/\/redesignwithjulia.com\/hu\/wp-json\/wp\/v2\/media\/3868"}],"wp:attachment":[{"href":"https:\/\/redesignwithjulia.com\/hu\/wp-json\/wp\/v2\/media?parent=3867"}],"wp:term":[{"taxonomy":"product_cat","embeddable":true,"href":"https:\/\/redesignwithjulia.com\/hu\/wp-json\/wp\/v2\/product_cat?post=3867"},{"taxonomy":"product_tag","embeddable":true,"href":"https:\/\/redesignwithjulia.com\/hu\/wp-json\/wp\/v2\/product_tag?post=3867"}],"curies":[{"name":"wp","href":"https:\/\/api.w.org\/{rel}","templated":true}]}}

<p>Noile maxi-transferuri „Pastels Artistry” sunt ideale pentru o renovare florală completă. Aceste transferuri mari și îndrăznețe aduc perfecțiunea pastelurilor, pregătite pentru a fi asociate cu restul liniei Pastel Artistry.</p>
<p>Decorați o piesă statement sau sincronizați-vă spațiul cu aceste frumuseți pentru acel aspect înfloritor, fără cusur, care leagă totul împreună. Este vorba despre a vă face decorul să strălucească cu frumusețea pastelată coordonată!</p>
<p>Transferurile sunt incredibil de ușor de utilizat. Pur și simplu desprindeți hârtia de suport, așezați transferul pe suprafața dorită și frecați-o cu instrumentul inclus pentru a transfera desenul. Transferul poate fi tăiat și rearanjat pentru a se potrivi nevoilor dvs. specifice, ceea ce îl face o alegere versatilă și personalizabilă pentru toate proiectele dvs. de decor.</p>
<p>Sigilați cu lacul dvs. preferat pe bază de apă sau cu ceară transparentă.</p>

<p>Noile maxi-transferuri „Pastels Artistry” sunt ideale pentru o renovare florală completă. Aceste transferuri mari și îndrăznețe aduc perfecțiunea pastelurilor, pregătite pentru a fi asociate cu restul liniei Pastel Artistry. Decorați o piesă statement sau sincronizați-vă spațiul cu aceste frumuseți pentru acel aspect înfloritor, fără cusur, care leagă totul împreună. Este vorba despre a vă face [&hellip;]</p>
